Dec 01 14:16:26.174 INFO testing jayjamesjay/http_req against master#8940af3cea4a9a9deabcaf843b2f8cad9a83fc61 for beta-1.31-5
Dec 01 14:16:26.174 INFO running `"docker" "create" "-v" "/mnt/big/crater/work/local/target-dirs/beta-1.31-5/worker-1/master#8940af3cea4a9a9deabcaf843b2f8cad9a83fc61:/target:rw,Z" "-v" "/mnt/big/crater/work/local/test-source/worker-1/beta-1.31-5/master#8940af3cea4a9a9deabcaf843b2f8cad9a83fc61:/source:ro,Z" "-v" "/mnt/big/crater/work/local/cargo-home:/cargo-home:ro,Z" "-v" "/mnt/big/crater/work/local/rustup-home:/rustup-home:ro,Z" "-e" "USER_ID=1000" "-e" "SOURCE_DIR=/source" "-e" "USER_ID=1000" "-e" "CMD=cargo +8940af3cea4a9a9deabcaf843b2f8cad9a83fc61-alt build --frozen" "-e" "CARGO_TARGET_DIR=/target" "-e" "CARGO_INCREMENTAL=0" "-e" "RUST_BACKTRACE=full" "-e" "RUSTFLAGS=--cap-lints=warn" "-e" "CARGO_HOME=/cargo-home" "-e" "RUSTUP_HOME=/rustup-home" "-m" "1536M" "--network" "none" "crater"`
Dec 01 14:16:26.591 INFO [stdout] 10b13b2bcb13cc8f5cbe522ada14c9786a4d6cf7a84ee8ae56e64c17d8acc326
Dec 01 14:16:26.597 INFO running `"docker" "start" "-a" "10b13b2bcb13cc8f5cbe522ada14c9786a4d6cf7a84ee8ae56e64c17d8acc326"`
Dec 01 14:16:27.857 INFO [stderr] usermod: no changes
Dec 01 14:16:28.039 INFO [stderr]    Compiling openssl-sys v0.9.39
Dec 01 14:16:29.755 INFO [stderr]    Compiling openssl v0.10.15
Dec 01 14:16:29.755 INFO [stderr]    Compiling native-tls v0.2.2
Dec 01 14:16:37.359 INFO [stderr]    Compiling http_req v0.3.1 (/source)
Dec 01 14:16:38.597 INFO [stderr]     Finished dev [unoptimized + debuginfo] target(s) in 10.71s
Dec 01 14:16:38.602 INFO [stderr] su: No module specific data is present
Dec 01 14:16:38.878 INFO running `"docker" "inspect" "10b13b2bcb13cc8f5cbe522ada14c9786a4d6cf7a84ee8ae56e64c17d8acc326"`
Dec 01 14:16:38.988 INFO running `"docker" "rm" "-f" "10b13b2bcb13cc8f5cbe522ada14c9786a4d6cf7a84ee8ae56e64c17d8acc326"`
Dec 01 14:16:39.096 INFO [stdout] 10b13b2bcb13cc8f5cbe522ada14c9786a4d6cf7a84ee8ae56e64c17d8acc326
Dec 01 14:16:39.102 INFO running `"docker" "create" "-v" "/mnt/big/crater/work/local/target-dirs/beta-1.31-5/worker-1/master#8940af3cea4a9a9deabcaf843b2f8cad9a83fc61:/target:rw,Z" "-v" "/mnt/big/crater/work/local/test-source/worker-1/beta-1.31-5/master#8940af3cea4a9a9deabcaf843b2f8cad9a83fc61:/source:ro,Z" "-v" "/mnt/big/crater/work/local/cargo-home:/cargo-home:ro,Z" "-v" "/mnt/big/crater/work/local/rustup-home:/rustup-home:ro,Z" "-e" "USER_ID=1000" "-e" "SOURCE_DIR=/source" "-e" "USER_ID=1000" "-e" "CMD=cargo +8940af3cea4a9a9deabcaf843b2f8cad9a83fc61-alt test --frozen --no-run" "-e" "CARGO_TARGET_DIR=/target" "-e" "CARGO_INCREMENTAL=0" "-e" "RUST_BACKTRACE=full" "-e" "RUSTFLAGS=--cap-lints=warn" "-e" "CARGO_HOME=/cargo-home" "-e" "RUSTUP_HOME=/rustup-home" "-m" "1536M" "--network" "none" "crater"`
Dec 01 14:16:39.335 INFO [stdout] e8960bb00c9356a206135ff8d2ad1eb6bdd6791905611d32c8fe7fca26c6ba61
Dec 01 14:16:39.340 INFO running `"docker" "start" "-a" "e8960bb00c9356a206135ff8d2ad1eb6bdd6791905611d32c8fe7fca26c6ba61"`
Dec 01 14:16:39.695 INFO [stderr] usermod: no changes
Dec 01 14:16:39.774 INFO [stderr]    Compiling http_req v0.3.1 (/source)
Dec 01 14:16:43.850 INFO [stderr]     Finished dev [unoptimized + debuginfo] target(s) in 4.13s
Dec 01 14:16:43.856 INFO [stderr] su: No module specific data is present
Dec 01 14:16:44.387 INFO running `"docker" "inspect" "e8960bb00c9356a206135ff8d2ad1eb6bdd6791905611d32c8fe7fca26c6ba61"`
Dec 01 14:16:44.715 INFO running `"docker" "rm" "-f" "e8960bb00c9356a206135ff8d2ad1eb6bdd6791905611d32c8fe7fca26c6ba61"`
Dec 01 14:16:44.996 INFO [stdout] e8960bb00c9356a206135ff8d2ad1eb6bdd6791905611d32c8fe7fca26c6ba61
Dec 01 14:16:45.007 INFO running `"docker" "create" "-v" "/mnt/big/crater/work/local/target-dirs/beta-1.31-5/worker-1/master#8940af3cea4a9a9deabcaf843b2f8cad9a83fc61:/target:rw,Z" "-v" "/mnt/big/crater/work/local/test-source/worker-1/beta-1.31-5/master#8940af3cea4a9a9deabcaf843b2f8cad9a83fc61:/source:ro,Z" "-v" "/mnt/big/crater/work/local/cargo-home:/cargo-home:ro,Z" "-v" "/mnt/big/crater/work/local/rustup-home:/rustup-home:ro,Z" "-e" "USER_ID=1000" "-e" "SOURCE_DIR=/source" "-e" "USER_ID=1000" "-e" "CMD=cargo +8940af3cea4a9a9deabcaf843b2f8cad9a83fc61-alt test --frozen" "-e" "CARGO_TARGET_DIR=/target" "-e" "CARGO_INCREMENTAL=0" "-e" "RUST_BACKTRACE=full" "-e" "RUSTFLAGS=--cap-lints=warn" "-e" "CARGO_HOME=/cargo-home" "-e" "RUSTUP_HOME=/rustup-home" "-m" "1536M" "--network" "none" "crater"`
Dec 01 14:16:45.312 INFO [stdout] 23863d1d3df844d97c4a7b78a037a71659b5e71aaa56d3367e8f5a2fb6f298bb
Dec 01 14:16:45.314 INFO running `"docker" "start" "-a" "23863d1d3df844d97c4a7b78a037a71659b5e71aaa56d3367e8f5a2fb6f298bb"`
Dec 01 14:16:46.179 INFO [stderr] usermod: no changes
Dec 01 14:16:46.261 INFO [stderr]     Finished dev [unoptimized + debuginfo] target(s) in 0.06s
Dec 01 14:16:46.274 INFO [stderr]      Running /target/debug/deps/http_req-4aa97611f2fc2e25
Dec 01 14:16:46.293 INFO [stdout] 
Dec 01 14:16:46.293 INFO [stdout] running 46 tests
Dec 01 14:16:46.305 INFO [stdout] test request::tests::request_b_connect ... ignored
Dec 01 14:16:46.305 INFO [stdout] test request::tests::request_b_handle_stream ... ignored
Dec 01 14:16:46.305 INFO [stdout] test request::tests::request_b_secure_conn ... ignored
Dec 01 14:16:46.305 INFO [stdout] test request::tests::request_b_send ... ignored
Dec 01 14:16:46.305 INFO [stdout] test request::tests::request_get ... ignored
Dec 01 14:16:46.305 INFO [stdout] test request::tests::request_head ... ignored
Dec 01 14:16:46.305 INFO [stdout] test request::tests::request_b_add_header ... ok
Dec 01 14:16:46.305 INFO [stdout] test request::tests::request_b_default_headers ... ok
Dec 01 14:16:46.305 INFO [stdout] test request::tests::request_b_new ... ok
Dec 01 14:16:46.311 INFO [stdout] test response::tests::res_content_len ... ok
Dec 01 14:16:46.311 INFO [stdout] test response::tests::res_body ... ok
Dec 01 14:16:46.311 INFO [stdout] test request::tests::request_b_set_headers ... ok
Dec 01 14:16:46.311 INFO [stdout] test request::tests::request_b_body ... ok
Dec 01 14:16:46.311 INFO [stdout] test request::tests::request_b_method ... ok
Dec 01 14:16:46.311 INFO [stdout] test request::tests::request_b_msg ... ok
Dec 01 14:16:46.311 INFO [stdout] test response::tests::res_append_body ... ok
Dec 01 14:16:46.311 INFO [stdout] test response::tests::elements_find ... ok
Dec 01 14:16:46.323 INFO [stdout] test response::tests::res_parse_status_line ... ok
Dec 01 14:16:46.323 INFO [stdout] test response::tests::res_headers ... ok
Dec 01 14:16:46.323 INFO [stdout] test response::tests::res_new ... ok
Dec 01 14:16:46.323 INFO [stdout] test response::tests::res_parse_head ... ok
Dec 01 14:16:46.323 INFO [stdout] test response::tests::res_parse_headers ... ok
Dec 01 14:16:46.323 INFO [stdout] test response::tests::res_status_code ... ok
Dec 01 14:16:46.323 INFO [stdout] test response::tests::res_reason ... ok
Dec 01 14:16:46.323 INFO [stdout] test response::tests::res_version ... ok
Dec 01 14:16:46.323 INFO [stdout] test response::tests::status_code_client_err ... ok
Dec 01 14:16:46.331 INFO [stdout] test response::tests::res_try_from ... ok
Dec 01 14:16:46.331 INFO [stdout] test response::tests::status_code_from ... ok
Dec 01 14:16:46.331 INFO [stdout] test response::tests::status_code_info ... ok
Dec 01 14:16:46.331 INFO [stdout] test response::tests::status_code_redirect ... ok
Dec 01 14:16:46.331 INFO [stdout] test response::tests::status_code_success ... ok
Dec 01 14:16:46.331 INFO [stdout] test response::tests::status_code_server_err ... ok
Dec 01 14:16:46.335 INFO [stdout] test response::tests::status_from ... ok
Dec 01 14:16:46.335 INFO [stdout] test response::tests::u16_from_status_code ... ok
Dec 01 14:16:46.359 INFO [stdout] test url::tests::port_url ... ok
Dec 01 14:16:46.367 INFO [stdout] test url::tests::fragment_url ... ok
Dec 01 14:16:46.367 INFO [stdout] test url::tests::parse_url ... ok
Dec 01 14:16:46.367 INFO [stdout] test url::tests::full_parse ... ok
Dec 01 14:16:46.367 INFO [stdout] test url::tests::host_url ... ok
Dec 01 14:16:46.367 INFO [stdout] test url::tests::path_url ... ok
Dec 01 14:16:46.367 INFO [stdout] test url::tests::query_url ... ok
Dec 01 14:16:46.379 INFO [stdout] test url::tests::remove_space ... ok
Dec 01 14:16:46.379 INFO [stdout] test url::tests::resource_url ... ok
Dec 01 14:16:46.379 INFO [stdout] test url::tests::uesr_info_url ... ok
Dec 01 14:16:46.379 INFO [stdout] test url::tests::scheme_url ... ok
Dec 01 14:16:46.383 INFO [stdout] test response::tests::res_from_empty ... ok
Dec 01 14:16:46.383 INFO [stdout] 
Dec 01 14:16:46.383 INFO [stdout] test result: ok. 40 passed; 0 failed; 6 ignored; 0 measured; 0 filtered out
Dec 01 14:16:46.383 INFO [stdout] 
Dec 01 14:16:46.391 INFO [stderr]    Doc-tests http_req
Dec 01 14:16:47.291 INFO [stdout] 
Dec 01 14:16:47.291 INFO [stdout] running 2 tests
Dec 01 14:16:49.113 INFO [stdout] test src/response.rs - response::StatusCode (line 150) ... ok
Dec 01 14:16:49.464 INFO [stdout] test src/lib.rs -  (line 6) ... FAILED
Dec 01 14:16:49.464 INFO [stdout] 
Dec 01 14:16:49.464 INFO [stdout] failures:
Dec 01 14:16:49.464 INFO [stdout] 
Dec 01 14:16:49.464 INFO [stdout] ---- src/lib.rs -  (line 6) stdout ----
Dec 01 14:16:49.464 INFO [stdout] thread 'src/lib.rs -  (line 6)' panicked at 'test executable failed:
Dec 01 14:16:49.464 INFO [stdout] 
Dec 01 14:16:49.464 INFO [stdout] thread 'main' panicked at 'called `Result::unwrap()` on an `Err` value: IO(Custom { kind: Other, error: StringError("failed to lookup address information: Temporary failure in name resolution") })', libcore/result.rs:1009:5
Dec 01 14:16:49.464 INFO [stdout] stack backtrace:
Dec 01 14:16:49.464 INFO [stdout]    0:     0x5639f51f2b9f - std::sys::unix::backtrace::tracing::imp::unwind_backtrace::h3a8b83e1922cbdde
Dec 01 14:16:49.464 INFO [stdout]                                at libstd/sys/unix/backtrace/tracing/gcc_s.rs:49
Dec 01 14:16:49.464 INFO [stdout]    1:     0x5639f51fbaf7 - std::sys_common::backtrace::print::h00d3155a29b4020f
Dec 01 14:16:49.464 INFO [stdout]                                at libstd/sys_common/backtrace.rs:71
Dec 01 14:16:49.464 INFO [stdout]                                at libstd/sys_common/backtrace.rs:59
Dec 01 14:16:49.464 INFO [stdout]    2:     0x5639f51f660f - std::panicking::default_hook::{{closure}}::hd7465c742e79e1bb
Dec 01 14:16:49.464 INFO [stdout]                                at libstd/panicking.rs:211
Dec 01 14:16:49.464 INFO [stdout]    3:     0x5639f51f6374 - std::panicking::default_hook::h9e3966f2aa2a6e12
Dec 01 14:16:49.464 INFO [stdout]                                at libstd/panicking.rs:227
Dec 01 14:16:49.464 INFO [stdout]    4:     0x5639f51f6cee - std::panicking::rust_panic_with_hook::h587f091ae747d080
Dec 01 14:16:49.464 INFO [stdout]                                at libstd/panicking.rs:476
Dec 01 14:16:49.464 INFO [stdout]    5:     0x5639f51f6891 - std::panicking::continue_panic_fmt::hb3a4fdede87f43a8
Dec 01 14:16:49.464 INFO [stdout]                                at libstd/panicking.rs:390
Dec 01 14:16:49.464 INFO [stdout]    6:     0x5639f51f6775 - rust_begin_unwind
Dec 01 14:16:49.464 INFO [stdout]                                at libstd/panicking.rs:325
Dec 01 14:16:49.464 INFO [stdout]    7:     0x5639f523668c - core::panicking::panic_fmt::h6f9cebf5e7474a0b
Dec 01 14:16:49.464 INFO [stdout]                                at libcore/panicking.rs:77
Dec 01 14:16:49.464 INFO [stdout]    8:     0x5639f5197638 - core::result::unwrap_failed::hb98c848c4c627ee6
Dec 01 14:16:49.464 INFO [stdout]    9:     0x5639f51974a9 - <core::result::Result<T, E>>::unwrap::h3d7bf437e30f5a69
Dec 01 14:16:49.464 INFO [stdout]   10:     0x5639f5197a78 - rust_out::main::h944e552f3f67b4ba
Dec 01 14:16:49.464 INFO [stdout]   11:     0x5639f5197a12 - std::rt::lang_start::{{closure}}::h75e93374870778fd
Dec 01 14:16:49.464 INFO [stdout]   12:     0x5639f51f6712 - std::panicking::try::do_call::h52e7f80ff0fdcc45
Dec 01 14:16:49.464 INFO [stdout]                                at libstd/rt.rs:59
Dec 01 14:16:49.464 INFO [stdout]                                at libstd/panicking.rs:310
Dec 01 14:16:49.464 INFO [stdout]   13:     0x5639f5206aa9 - __rust_maybe_catch_panic
Dec 01 14:16:49.464 INFO [stdout]                                at libpanic_unwind/lib.rs:102
Dec 01 14:16:49.464 INFO [stdout]   14:     0x5639f51e832a - std::rt::lang_start_internal::h38cae898de7f805c
Dec 01 14:16:49.464 INFO [stdout]                                at libstd/panicking.rs:289
Dec 01 14:16:49.464 INFO [stdout]                                at libstd/panic.rs:392
Dec 01 14:16:49.464 INFO [stdout]                                at libstd/rt.rs:58
Dec 01 14:16:49.464 INFO [stdout]   15:     0x5639f51979f4 - std::rt::lang_start::h75a65a13903c9f73
Dec 01 14:16:49.464 INFO [stdout]   16:     0x5639f5197c2a - main
Dec 01 14:16:49.464 INFO [stdout]   17:     0x7fc1e4a4982f - __libc_start_main
Dec 01 14:16:49.464 INFO [stdout]   18:     0x5639f5197188 - _start
Dec 01 14:16:49.464 INFO [stdout]   19:                0x0 - <unknown>
Dec 01 14:16:49.464 INFO [stdout] 
Dec 01 14:16:49.464 INFO [stdout] ', librustdoc/test.rs:367:17
Dec 01 14:16:49.464 INFO [stdout] stack backtrace:
Dec 01 14:16:49.464 INFO [stdout]    0:     0x7fad322be90f - std::sys::unix::backtrace::tracing::imp::unwind_backtrace::h3a8b83e1922cbdde
Dec 01 14:16:49.464 INFO [stdout]                                at libstd/sys/unix/backtrace/tracing/gcc_s.rs:49
Dec 01 14:16:49.464 INFO [stdout]    1:     0x7fad322a3897 - std::sys_common::backtrace::print::h00d3155a29b4020f
Dec 01 14:16:49.464 INFO [stdout]                                at libstd/sys_common/backtrace.rs:71
Dec 01 14:16:49.464 INFO [stdout]                                at libstd/sys_common/backtrace.rs:59
Dec 01 14:16:49.464 INFO [stdout]    2:     0x7fad322c9cef - std::panicking::default_hook::{{closure}}::hd7465c742e79e1bb
Dec 01 14:16:49.464 INFO [stdout]                                at libstd/panicking.rs:211
Dec 01 14:16:49.464 INFO [stdout]    3:     0x7fad322c99ee - std::panicking::default_hook::h9e3966f2aa2a6e12
Dec 01 14:16:49.464 INFO [stdout]                                at libstd/panicking.rs:221
Dec 01 14:16:49.464 INFO [stdout]    4:     0x7fad34454951 - rustc::util::common::panic_hook::h27965632b67fe74e
Dec 01 14:16:49.464 INFO [stdout]    5:     0x7fad322ca4e6 - std::panicking::rust_panic_with_hook::h587f091ae747d080
Dec 01 14:16:49.464 INFO [stdout]                                at libstd/panicking.rs:480
Dec 01 14:16:49.464 INFO [stdout]    6:     0x7fad322ca031 - std::panicking::continue_panic_fmt::hb3a4fdede87f43a8
Dec 01 14:16:49.464 INFO [stdout]                                at libstd/panicking.rs:390
Dec 01 14:16:49.464 INFO [stdout]    7:     0x7fad322c9f7e - std::panicking::begin_panic_fmt::h387afc7da9a10555
Dec 01 14:16:49.464 INFO [stdout]                                at libstd/panicking.rs:345
Dec 01 14:16:49.464 INFO [stdout]    8:     0x55cb02879ff8 - <rustdoc::test::Collector as rustdoc::test::Tester>::add_test::{{closure}}::{{closure}}::{{closure}}::h1a7d462b7674a13e
Dec 01 14:16:49.464 INFO [stdout]                                at librustdoc/test.rs:367
Dec 01 14:16:49.464 INFO [stdout]                                at librustdoc/test.rs:596
Dec 01 14:16:49.464 INFO [stdout]    9:     0x55cb0282f1f8 - <scoped_tls::ScopedKey<T>>::set::h9a299037e2efdd79
Dec 01 14:16:49.464 INFO [stdout]                                at /cargo/registry/src/github.com-1ecc6299db9ec823/scoped-tls-0.1.2/src/lib.rs:155
Dec 01 14:16:49.464 INFO [stdout]                                at libsyntax/lib.rs:106
Dec 01 14:16:49.464 INFO [stdout]                                at /cargo/registry/src/github.com-1ecc6299db9ec823/scoped-tls-0.1.2/src/lib.rs:155
Dec 01 14:16:49.464 INFO [stdout]   10:     0x55cb02633601 - syntax::with_globals::hc9a23e436a64729f
Dec 01 14:16:49.464 INFO [stdout]                                at libsyntax/lib.rs:105
Dec 01 14:16:49.464 INFO [stdout]   11:     0x55cb026e5dbb - std::panicking::try::do_call::hd95e3a92339aa7c0
Dec 01 14:16:49.464 INFO [stdout]                                at librustdoc/test.rs:593
Dec 01 14:16:49.464 INFO [stdout]                                at libstd/panic.rs:313
Dec 01 14:16:49.464 INFO [stdout]                                at libstd/panicking.rs:310
Dec 01 14:16:49.464 INFO [stdout]   12:     0x7fad322d7cd9 - __rust_maybe_catch_panic
Dec 01 14:16:49.464 INFO [stdout]                                at libpanic_unwind/lib.rs:102
Dec 01 14:16:49.465 INFO [stdout]   13:     0x55cb02708f49 - rustc_driver::in_named_rustc_thread::h5d5326e5f9843b1f
Dec 01 14:16:49.465 INFO [stdout]                                at libstd/panicking.rs:289
Dec 01 14:16:49.465 INFO [stdout]                                at libstd/panic.rs:392
Dec 01 14:16:49.465 INFO [stdout]                                at librustc_driver/lib.rs:1546
Dec 01 14:16:49.465 INFO [stdout]   14:     0x55cb02847eb0 - <F as alloc::boxed::FnBox<A>>::call_box::h85b70bbf522f8d35
Dec 01 14:16:49.465 INFO [stdout]                                at librustdoc/test.rs:593
Dec 01 14:16:49.465 INFO [stdout]                                at liballoc/boxed.rs:672
Dec 01 14:16:49.465 INFO [stdout]   15:     0x7fad33939022 - <F as alloc::boxed::FnBox<A>>::call_box::h37f4bb882553d58c
Dec 01 14:16:49.465 INFO [stdout]                                at libtest/lib.rs:1461
Dec 01 14:16:49.465 INFO [stdout]                                at liballoc/boxed.rs:672
Dec 01 14:16:49.465 INFO [stdout]   16:     0x7fad322d7cd9 - __rust_maybe_catch_panic
Dec 01 14:16:49.465 INFO [stdout]                                at libpanic_unwind/lib.rs:102
Dec 01 14:16:49.465 INFO [stdout]   17:     0x7fad33961462 - std::sys_common::backtrace::__rust_begin_short_backtrace::hb8f0d0309526c184
Dec 01 14:16:49.465 INFO [stdout]                                at libstd/panicking.rs:289
Dec 01 14:16:49.465 INFO [stdout]                                at libstd/panic.rs:392
Dec 01 14:16:49.465 INFO [stdout]                                at libtest/lib.rs:1423
Dec 01 14:16:49.465 INFO [stdout]                                at libstd/sys_common/backtrace.rs:136
Dec 01 14:16:49.465 INFO [stdout]   18:     0x7fad33962204 - std::panicking::try::do_call::hc2f7c8b9a348d8db
Dec 01 14:16:49.465 INFO [stdout]                                at libstd/thread/mod.rs:409
Dec 01 14:16:49.465 INFO [stdout]                                at libstd/panic.rs:313
Dec 01 14:16:49.465 INFO [stdout]                                at libstd/panicking.rs:310
Dec 01 14:16:49.465 INFO [stdout]   19:     0x7fad322d7cd9 - __rust_maybe_catch_panic
Dec 01 14:16:49.465 INFO [stdout]                                at libpanic_unwind/lib.rs:102
Dec 01 14:16:49.465 INFO [stdout]   20:     0x7fad3394a94c - <F as alloc::boxed::FnBox<A>>::call_box::h6bfded618e480b32
Dec 01 14:16:49.465 INFO [stdout]                                at libstd/panicking.rs:289
Dec 01 14:16:49.465 INFO [stdout]                                at libstd/panic.rs:392
Dec 01 14:16:49.465 INFO [stdout]                                at libstd/thread/mod.rs:408
Dec 01 14:16:49.465 INFO [stdout]                                at liballoc/boxed.rs:672
Dec 01 14:16:49.465 INFO [stdout]   21:     0x7fad322c4c9d - std::sys_common::thread::start_thread::h4c28257d67cdf9cb
Dec 01 14:16:49.465 INFO [stdout]                                at liballoc/boxed.rs:682
Dec 01 14:16:49.465 INFO [stdout]                                at libstd/sys_common/thread.rs:24
Dec 01 14:16:49.465 INFO [stdout]   22:     0x7fad3229a4d5 - std::sys::unix::thread::Thread::new::thread_start::hfecb2e7eff8fd34f
Dec 01 14:16:49.465 INFO [stdout]                                at libstd/sys/unix/thread.rs:90
Dec 01 14:16:49.465 INFO [stdout]   23:     0x7fad31e266b9 - start_thread
Dec 01 14:16:49.465 INFO [stdout]   24:     0x7fad3194641c - clone
Dec 01 14:16:49.465 INFO [stdout]   25:                0x0 - <unknown>
Dec 01 14:16:49.465 INFO [stdout] query stack during panic:
Dec 01 14:16:49.465 INFO [stdout] end of query stack
Dec 01 14:16:49.465 INFO [stdout] 
Dec 01 14:16:49.465 INFO [stdout] 
Dec 01 14:16:49.465 INFO [stdout] failures:
Dec 01 14:16:49.465 INFO [stdout]     src/lib.rs -  (line 6)
Dec 01 14:16:49.465 INFO [stdout] 
Dec 01 14:16:49.465 INFO [stdout] test result: FAILED. 1 passed; 1 failed; 0 ignored; 0 measured; 0 filtered out
Dec 01 14:16:49.465 INFO [stdout] 
Dec 01 14:16:49.471 INFO [stderr] error: test failed, to rerun pass '--doc'
Dec 01 14:16:49.478 INFO [stderr] su: No module specific data is present
Dec 01 14:16:49.817 INFO running `"docker" "inspect" "23863d1d3df844d97c4a7b78a037a71659b5e71aaa56d3367e8f5a2fb6f298bb"`
Dec 01 14:16:49.918 INFO running `"docker" "rm" "-f" "23863d1d3df844d97c4a7b78a037a71659b5e71aaa56d3367e8f5a2fb6f298bb"`
Dec 01 14:16:50.018 INFO [stdout] 23863d1d3df844d97c4a7b78a037a71659b5e71aaa56d3367e8f5a2fb6f298bb
